st the prime factors of j.
2
Suppose 348 = 5*c + 3*x - 254, 120 = c + x. List the prime factors of c.
11
List the prime factors of 115/8 + 36/(-96).
2, 7
Suppose 0*u = 5*u + 10. What are the prime factors of (u - -4) + -3 - -10?
3
Let g = -12 - -15. Suppose -g*m + 46 + 68 = 3*u, 0 = u - 3*m - 46. List the prime factors of u.
2, 5
Let u(o) = 12*o + 1. Let r be u(3). Let f = r + -25. What are the prime factors of f?
2, 3
Let h(f) = 7*f - 1. What are the prime factors of h(4)?
3
Let x(o) = o**3 - o**2 + o + 11. Let h(v) = -v**2 - 5*v - 6. Let k be h(-3). List the prime factors of x(k).
11
Let z(i) = -i**3 + 9*i**2 - 7*i - 3. Let f be z(8). Suppose -f*s + 63 = -87. Let l = -18 + s. What are the prime factors of l?
2, 3
Let w(y) = -y + 4. What are the prime factors of w(-6)?
2, 5
Suppose -5*v + 28 = -4*f, 2*f + 15 = 2*v + 3. What are the prime factors of (196/(-21))/(v/(-6))?
2, 7
Let v(p) = p**3 + 4*p**2 - 6*p. Let i be v(-5). Suppose -i*a = -3*a - 38. Suppose -q - x + 10 = 0, 5*x + 46 = 2*q + a. What are the prime factors of q?
11
Let s be (1/2)/(6/264). What are the prime factors of (-2)/6 - s/(-3)?
7
Let z = -2 + -76. Let y = z - -116. What are the prime factors of y?
2, 19
Suppose -2*r - 20 = 3*r. Let z(x) = -x + 5. Let o be z(4). What are the prime factors of o + 14/r*-2?
2
Let i = -44 + 154. List the prime factors of i.
2, 5, 11
Let x be (-1 + 1)/(0 - -2). Suppose w = 3 - x. What are the prime factors of w?
3
Let h be 1*((-1 - -21) + 1). Suppose -3*a + a - 4*b + 36 = 0, -4*a = 3*b - 62. What are the prime factors of 204/h + 4/a?
2, 5
Suppose 0 = -f - 3*f + 220. Suppose 0 = 2*k - k - 5*a - 11, -5*k = 2*a - f. List the prime factors of k.
11
Let w = 8 + 10. What are the prime factors of w?
2, 3
Suppose -5*n + 3*a - 21 = -6*n, -n - a = -11. What are the prime factors of n/4 - (-145)/10?
2
Let n(o) = o - 1. Let g(z) = 10*z - 13. Let q(f) = 4*g(f) - 44*n(f). List the prime factors of q(-6).
2
Let b(j) = 44*j**3 + 2*j - 2. List the prime factors of b(1).
2, 11
Let j(w) = -5*w**3 - 11*w**2 - 4*w + 3. Let b(q) = -4*q**3 - 10*q**2 - 5*q + 3. Let s(g) = 4*b(g) - 3*j(g). What are the prime factors of s(-6)?
3, 5
Suppose 4*n - 8 = 20. Suppose -25 = 5*i - 85. Let u = i - n. List the prime factors of u.
5
Let z = 8 + -13. Let k(o) = -o**2 - 8*o - 7. Let n be k(z). List the prime factors of (5/4)/(2/n).
5
Let c = 34 - 10. Let g = -4 + c. What are the prime factors of g?
2, 5
Suppose 687 = 42*u - 39*u. What are the prime factors of u?
229
Suppose 0*w = 5*w + 30. Let v = -1 - -11. Let t = v + w. What are the prime factors of t?
2
Let h(k) = k**3 - 2*k**2 - k**2 + 4*k + 17 - 20. What are the prime factors of h(4)?
29
Let v(y) = y**2 + 5*y - 2. Let w(x) = -x**2 + x - 1. Let b(h) = v(h) - 4*w(h). What are the prime factors of b(-2)?
2, 5
Let j = -233 + 421. List the prime factors of j.
2, 47
Let d be 1*(-2)/1*-2. Let g = d + -5. List the prime factors of 3*(-3)/(3/g).
3
Let c = 4 - 2. What are the prime factors of c?
2
Suppose 86 = 2*o - 0*o. What are the prime factors of o?
43
Let q(x) = 2*x**2 + x + 3. What are the prime factors of q(2)?
13
List the prime factors of 51 + (2 + -4 - -2).
3, 17
Let h = 19 + -6. Suppose 12 = -5*k + 2. Let l = k + h. What are the prime factors of l?
11
Let f = 63 + -42. Suppose -32 = 3*w + w. Let y = f + w. What are the prime factors of y?
13
Let z = -20 - -33. List the prime factors of z.
13
Let x = -9 - -15. Suppose x - 30 = -t. Suppose -3*u + 3 = -t. What are the prime factors of u?
3
List the prime factors of (-150)/4*28/(-42).
5
Let v(b) be the third derivative of b**6/120 - b**5/120 + b**3/3 - 2*b**2. Let i(d) be the first derivative of v(d). What are the prime factors of i(2)?
2, 5
Suppose 2*d + 0*d + z = 23, d - z - 19 = 0. Suppose -d = 3*p - p. Let c(j) = -j**2 - 9*j - 1. What are the prime factors of c(p)?
13
Let l = 507 - 316. List the prime factors of l.
191
Let l = 0 + 56. What are the prime factors of l?
2, 7
Let d be (2 + -1)*2 - -1. Let z be (-8)/(0 + 0 - 2). Suppose -d*q - 12 = -z*q. What are the prime factors of q?
2, 3
Suppose -5*y + 1032 - 327 = 3*g, y - g = 133. Let m be (-2)/8 - y/24. Let b(x) = -2*x. What are the prime factors of b(m)?
2, 3
Suppose -3*n + 3 = 27. Let u be (n/6)/((-1)/(-3)). List the prime factors of (-33)/u + (-1)/4.
2
Let s = -7 + 16. Let x = s + -4. Suppose 3*o - 22 = y, 0 = -2*o - 0*y - x*y + 9. What are the prime factors of o?
7
Suppose 0 = -3*s + 7*s - 8. What are the prime factors of 3/(-1) - (-7 - s)?
2, 3
What are the prime factors of 4/(-10) + 2788/20 + -2?
137
Suppose 0 = 2*p + 3*v + 1, 3 - 1 = p - v. Let w(j) = 26*j**3 + j**2 - 2*j + 1. List the prime factors of w(p).
2, 13
Let y(c) = 11*c**3 + c**2 - c. What are the prime factors of y(1)?
11
Let z = 7 - -8. Let x = 17 - z. List the prime factors of x.
2
Suppose 4*b - 2*b = -2. Let q(s) = -6*s**2 - 6*s - 9. Let d(c) = -c**3 - c**2 + 1. Let p(w) = b*d(w) - q(w). What are the prime factors of p(-6)?
2
Suppose -2*x - 12 = 2*x. Let s = 0 - x. Let f = 0 + s. What are the prime factors of f?
3
Let w(f) = -f**2 + 6*f - 7. Let a be w(3). Suppose -2*k - 38 = -2*u, -2*u = a*u - 2*k - 74. List the prime factors of u.
2, 3
Let h(b) = -b - 2. Let z = 16 - 25. List the prime factors of h(z).
7
Suppose -x = -3*x + 6. What are the prime factors of x?
3
Let n = 718 + -1291. Let d be n/(-6) - (-2)/(-4). Suppose 5*v - d + 30 = 0. List the prime factors of v.
13
Let h(o) = 2*o - 7. Suppose 3*i - i - 12 = 0. Let j be h(i). Let d = j - 0. List the prime factors of d.
5
Suppose 0*m = 2*m - 22. Suppose -f - 8 = 5*x, 9*f = 4*f + 3*x + 44. Suppose -3*w + f = -m. List the prime factors of w.
2, 3
Let n(p) = -16*p - 4. Let h be 1 - (2 - 5 - -6). List the prime factors of n(h).
2, 7
Let s(p) = 105*p - 3. What are the prime factors of s(1)?
2, 3, 17
Let k(z) = -125*z - 5. List the prime factors of k(-3).
2, 5, 37
What are the prime factors of (20/(-6) + 4)*(152 + 1)?
2, 3, 17
Let m(o) = -o**2 + 7*o + 5. Let i be m(6). Let z = 1 + i. What are the prime factors of z?
2, 3
Let f = 80 - 32. Suppose 2*b = -0*b + 2*p + 8, 0 = -5*b - 2*p + f. What are the prime factors of b?
2
Suppose 4*d = 16, -z - 40 = -5*z + 2*d. Let m be (-16)/z*42/4. Let b = m + 21. List the prime factors of b.
7
Let y = 6 - 4. Suppose -y*t = -t - 18. List the prime factors of t.
2, 3
Let d = -17 + 22. List the prime factors of d.
5
Let n be (2 - (-16)/(-2))*-1. Let r be n/21 + 12/7. Suppose -r*u + 8 = -u. List the prime factors of u.
2
Let r be 102*2*(-3)/(-12). Let d = r - 35. What are the prime factors of d?
2
Let k be 2/(-3) - (-20)/12. Let h(v) = v**2 - 1. Let l be h(k). Suppose 0 = -2*d - 4*j + 32, l*d + 5*d = 5*j + 50. List the prime factors of d.
2, 3
Suppose 0 = -5*o + 3*o + 88. List the prime factors of 9/(-6)*o/(-6).
11
Suppose 5*b - 118 = 32. List the prime factors of b.
2, 3, 5
Let o be (-12)/(5 - 2) + 2. Let n = 1 - o. What are the prime factors of n?
3
Suppose -71 = -3*k + 10. List the prime factors of k.
3
List the prime factors of (0 + 3)*(-3)/(-9)*7.
7
Let d = -8 + 13. Suppose -d*a + 21 = 1. List the prime factors of a.
2
Suppose 0 = x + 3 - 1. Let q be x/((-4)/(-2)) - 0. List the prime factors of 9/(q/2*-3).
2, 3
What are the prime factors of (-10)/35 - (-2988)/21?
2, 71
Let t(r) = -23*r. Let k be t(-1). Let i = 47 - k. List the prime factors of i.
2, 3
List the prime factors of (-26)/(-1)*(-18)/(-9).
2, 13
Let v = -5 + 10. Suppose 0 = -4*r - 0*s - v*s + 29, 2 = 2*s. What are the prime factors of r?
2, 3
Let y be (-4)/6 + 64/6. Let r = y - 3. What are the prime factors of r?
7
Let v(t) be the first derivative of -t**6/360 - t**5/15 + 7*t**4/24 - t**3 + 2. Let q(j) be the third derivative of v(j). What are the prime factors of q(-7)?
2, 7
Let f(d) = d**2 - 2*d + 8. Let l be f(3). What are the prime factors of 526/l - (-6)/33?
2, 3
Suppose 51 = r - 4*y, -2*y + y = -2*r + 95. What are the prime factors of r?
47
Let c(b) = -2*b**3 - 7*b**2 + 5*b - 6. List the prime factors of c(-6).
2, 3
Let k(d) = 2*d**3 - 3*d**2 + 3*d - 3. Let l be k(2). Let s = -1 - l. What are the prime factors of (1 + (-3)/2)*s?
2
Let t(v) be the first derivative of -15*v**4/2 - v**3/3 - 1. Let c be t(-1). Suppose -2*d - 14 = -5*g, -2*g - 4*d = 9 - c. List the prime factors of g.
2
Suppose 4 = -5*o + 3*o